((-1)/807). Let v = x + -101. List the prime factors of v.
2, 3, 7
Suppose -4*j + 156 = -2*i, -j + i = 6*i - 28. Let r = -36 + j. Suppose 0*g - 329 = -4*c + g, 181 = r*c + 5*g. What are the prime factors of c?
83
Let f = -82 - -96. What are the prime factors of (f/42)/(2/4008)?
2, 167
Let j(d) = 403*d - 5235. Let g be j(13). Suppose 2*z = -2*z + 1892. Suppose -z = -g*w + 307. List the prime factors of w.
3, 5, 13
Let j(l) = l**2 - 9*l + 3. Let h be j(9). Let k be ((-6)/2)/(3/h - 2). Let m(c) = 3*c**2 + 2*c - 9. List the prime factors of m(k).
2, 3
Let o(c) = -30 - 3 + c - 20*c**2 + 22*c**2. List the prime factors of o(-8).
3, 29
List the prime factors of ((-136444)/(-21))/((-28)/(-42)).
2, 11, 443
What are the prime factors of (4 - 67379/(-13)) + -1?
2, 2593
Suppose 7*f - 168 + 21 = 0. Suppose 0 = -6*x + f + 27. Let j(i) = 12*i - 20. List the prime factors of j(x).
2, 19
Suppose -4*k = 2*h + 54, 4*h - 11 = 3*k + 46. Let n(w) = w**3 + 16*w**2 + 15*w + 4. Let t be n(k). What are the prime factors of (-144)/45*(-130)/t?
2, 13
Let o = -16291 - -28312. What are the prime factors of o?
3, 4007
Let z(l) = 224*l**2 - 107*l + 692. List the prime factors of z(7).
61, 179
Let v be (-65)/125*-5 - 4/(-10). Suppose 8*n + v*n = 2651. What are the prime factors of n?
241
Let z(t) = 9962*t**2 + 66*t - 127. List the prime factors of z(2).
11, 3623
Suppose 5*s - 178 = -68. What are the prime factors of (-4)/s + 184832/176?
2, 3, 5, 7
Suppose 7*z + 4*h - 108 = 3*z, 3*z - h = 77. Suppose -1575 = -z*p + p. List the prime factors of p.
3, 7
Let k(o) = -2*o**2 + 20*o + 26. Let p be k(11). Suppose 8*m - 125628 = -p*j + 7*m, 4*j - 125604 = 5*m. List the prime factors of j/205 + (1 - (-12)/(-10)).
3, 17
Suppose 15737 = 6*f - 44749. What are the prime factors of f?
17, 593
Suppose 0 = -2*q + 8*q - 3258. Suppose -699 = -9*f + q. Suppose f = -3*a + 6*a. List the prime factors of a.
2, 23
Let z(l) = 184*l**3 + l**2 + l - 2. Let w be (-1)/((-2)/(-6)*(-5)/5). Suppose -3*k = w*r - 6*r - 18, -r - 5 = 0. What are the prime factors of z(k)?
2, 23
Suppose -5715 = 24*z + 21*z. Suppose -83 = -2*i - 3. Let k = i - z. What are the prime factors of k?
167
Let x be ((-9)/(-1)*1)/(2/(-4)). Let g = x + 12. List the prime factors of ((-28)/g)/(5 + 43/(-9)).
3, 7
Let j(s) = -s**3 - 31*s**2 - 31*s - 15. Let q be j(-30). List the prime factors of ((7 - -27) + -5)*q.
3, 5, 29
Suppose 21 = -6*m + 9*m. Let i(h) = -h + 9. Let o be i(m). Suppose -2*q + 660 = 5*w + o*q, -2*w - q = -264. What are the prime factors of w?
2, 3, 11
Let t = -2370 - -22149. List the prime factors of t.
3, 19, 347
Let p(i) = 15*i - 10. Let l(v) be the first derivative of -v**4/4 - 5*v**3/3 - 11*v**2/2 - 14*v - 24. Let t be l(-4). What are the prime factors of p(t)?
2, 5
Let y be 5 + -1 - (-3446 - 6). What are the prime factors of ((-2)/(-3))/(36/y)?
2
Let o be ((-152)/2)/(((-15)/(-36))/(-5)). Let i = o - -342. What are the prime factors of i?
2, 3, 11, 19
Suppose -56*d = -60*d - 184. Let o be (23/d)/((-1)/(-12)). What are the prime factors of (-12)/72 - (-2 - (-811)/o)?
137
Let s = 26 + -18. List the prime factors of (-2)/s - (-5812)/16.
3, 11
Suppose -10197 = -2*a + 2893. Suppose 21*i - a = 4*i. Suppose 0 = -2*r - c + i, r + 5*c = 159 + 38. What are the prime factors of r?
2, 3
Let w = 142 - 110. Let y(s) = s**3 - 31*s**2 - 20*s + 15. What are the prime factors of y(w)?
3, 7, 19
Let c(k) = -29*k + 5. Let d = 130 + -124. Let w(z) = -28*z + 4. Let r(g) = d*w(g) - 7*c(g). What are the prime factors of r(5)?
2, 41
Let w(p) = -16*p + 15. Let j(f) = 33*f - 30. Let y(u) = -5*j(u) - 9*w(u). Let z be y(3). Let o = z - -60. What are the prime factors of o?
2, 3
Let x = -280 - -284. Suppose 0 = x*o - 317 - 715. What are the prime factors of o?
2, 3, 43
What are the prime factors of 22662 + (-360)/(-24) + -7?
2, 5, 2267
Let a(k) = 50*k**2 - 4*k + 18. Let l be a(-9). List the prime factors of -3 - (-2)/(4/(l/2)).
3, 11, 31
Let y be (12*-2 - -2)*-4. Let u = -91 + y. Let h(w) = 19*w**2 + 3*w - 7. What are the prime factors of h(u)?
5, 31
Suppose 0 = -45*u + 32*u + 59826. Suppose -15*o + 21*o - u = 0. List the prime factors of o.
13, 59
Let x(z) = -11*z**2 + 100*z**2 + 6*z**3 + 8*z**2 + 5*z - z - 17 + 2*z. What are the prime factors of x(-15)?
2, 367
Let w(j) = 188*j**2 + 117*j + 18. List the prime factors of w(5).
5303
Let k(r) = 2*r**2 - 1. Let l(g) = -7*g**2 - 25*g - 2. Let x(q) = 12*k(q) + 3*l(q). What are the prime factors of x(26)?
2, 3, 5
Suppose 3*b - 8 = -2*u, 0 = -3*u + b - 5*b + 13. Let r(m) = -m**2 + 7*m + 2. Let w be r(u). Suppose 27 = w*a - 49. List the prime factors of a.
2, 19
Let h = -239 - -239. Suppose h = 48*j - 51*j + 1269. List the prime factors of j.
3, 47
Suppose -4*v + v = -21. Let s be 1 + 0 + (6 - v). Suppose s = -0*x + 2*x - 46. List the prime factors of x.
23
Let p = -21 - 53. Let k = p + 172. List the prime factors of k.
2, 7
Let g(v) = v**2 + 5*v + 948. Let a be g(0). Suppose -4*m - 5*u = -720 - 28, 5*m + 3*u = a. What are the prime factors of m?
2, 3
List the prime factors of ((-3891618)/(-63) - -21) + (1 - 5/7).
61, 1013
Let j(z) = z**2 + 5*z + 10. Let o be j(-5). Suppose 0 = -3*t - 5*f - 17, 47 - o = -3*t + 5*f. Let w = -7 - t. List the prime factors of w.
2
Suppose 964598 = 198*t - 95*t - 5586923. What are the prime factors of t?
63607
What are the prime factors of 2/12 + 328/48 - -2951?
2, 3, 17, 29
Suppose -4*v = -4*b - 32900, v + 2*b + 74060 = 10*v. List the prime factors of v.
2, 5, 823
Let l(j) = 5*j**2 + 5*j + 5402. What are the prime factors of l(0)?
2, 37, 73
Suppose -11*n = 20*n - 186. What are the prime factors of -1 + (828 - n) + (-4 - -3)?
2, 5, 41
Let f = 7198 + 4977. List the prime factors of f.
5, 487
Let c(l) = 391*l + 4. Let v be c(1). Let j = 920 - v. What are the prime factors of j?
3, 5, 7
Let f = -8 + -100. Let o = 108 + f. Suppose 2*s + 3*i + i - 422 = o, -4*s - 5*i + 838 = 0. What are the prime factors of s?
3, 23
Let s(q) = -q**2 + 16*q - 47. Let f be s(11). Suppose -o + 12 = f. Suppose o*w = -409 + 1557. List the prime factors of w.
7, 41
Let q be (14/(-3))/((-3)/9). Let p = q - -56. List the prime factors of p.
2, 5, 7
Let x(d) = -d**3 - 17*d**2 - 2*d - 30. Suppose 0 = -84*s + 88*s + 68. Let k be x(s). Suppose -g + 129 = -m, -2*m = g + k - 130. List the prime factors of g.
2
Let g be 148/6 + 6/(-9). Suppose 1617 = g*c - 13*c. What are the prime factors of c?
3, 7
Let m(n) = 1042*n**3 - 3*n**2 + 4*n - 2. Suppose 8*v + 9 = 17*v. What are the prime factors of m(v)?
3, 347
Let l be 7 + 12105/4 + (-1)/4. Suppose 0*w = 4*w - 3*v - l, -5*w + 3815 = v. What are the prime factors of w?
2, 3, 127
Suppose 28*s - 88 = 24. Suppose 4*x - 2*k = -3*k + 389, 0 = -5*k + 25. Suppose -s*l + 3*l + x = 0. What are the prime factors of l?
2, 3
Let c be 2215 + 10/2 + -4. List the prime factors of (((-20)/8)/5)/((-4)/c).
277
What are the prime factors of (1110/(-9) - 0)*108057/(-362)?
5, 37, 199
Suppose -2*v + 2232 = -2*l, 58*l = -4*v + 60*l + 4456. What are the prime factors of v*(-9)/90*-5?
2, 139
Let j = -73 - -70. Let m(c) = -36*c + 15. List the prime factors of m(j).
3, 41
Let d = 40 + -35. Suppose d*b = -2*b + 14. Suppose -i - b*i + 5*j = -139, i - 35 = -4*j. What are the prime factors of i?
43
Let g(s) = 2*s + 26. Let z be g(-11). Suppose z*h = i - 2, -5*i + 5 + 5 = 3*h. What are the prime factors of (376/3)/i - (-6)/(-9)?
2, 31
Let s be ((-12)/78 - 150/39) + 339. Suppose 3*r + s = 3*a - 697, -r + 346 = a. List the prime factors of a.
3, 5, 23
What are the prime factors of (9/27)/(-6 - (-2673349)/445557)?
7, 433
Suppose -m + 447 = -4067. Suppose -5*r = -4*q - m, -3*r = q - 2117 - 605. Suppose 0 = -34*f + 28*f + r. List the prime factors of f.
151
Let n = -56288 - -83242. What are the prime factors of n?
2, 13477
Suppose 64542 = -4*p + 109910. List the prime factors of p.
2, 53, 107
Let b be (-5)/(-2)*(-32)/(-40). Suppose c = -4*c + b*z + 504, -5*c = -z - 502. What are the prime factors of c?
2, 5
Let o = -168 + 168. Suppose 4*i - 2*h + 594 = 5*i, o = 2*i + 2*h - 1188. List the prime factors of i.
2, 3, 11
Suppose -10827 + 2592 = -4*v - f, -4*v + 4*f + 8220 = 0. Let y = v - 1439. List the prime factors of y.
619
Let z = -2514 - -2519. Let f(y) = 7*y - 26 + 17*y + 75. What are the prime fact